0206 and 8312.
2078
Calculate the greatest common divisor of 552 and 373902.
6
Calculate the highest common divisor of 96 and 47666848.
32
Calculate the greatest common factor of 90873840 and 32640.
4080
What is the highest common divisor of 4488344 and 56?
56
What is the greatest common factor of 1072287 and 71316?
2547
Calculate the greatest common divisor of 5211 and 44693010.
1737
What is the greatest common factor of 974783 and 5963?
67
Calculate the highest common factor of 500 and 8524700.
100
Calculate the highest common factor of 618 and 7962.
6
Calculate the greatest common divisor of 82320 and 36786064.
5488
What is the highest common factor of 554576 and 67144?
88
Calculate the greatest common divisor of 372972 and 4422.
6
What is the highest common factor of 692633458 and 11?
11
Calculate the greatest common factor of 910 and 3026387.
91
Calculate the highest common divisor of 5185957 and 5180.
259
What is the highest common divisor of 1212 and 2820156?
12
Calculate the highest common divisor of 59630 and 1931033.
89
What is the highest common divisor of 364698 and 58014?
18
Calculate the highest common divisor of 1188153 and 48985.
97
Calculate the greatest common factor of 644 and 7051800.
644
Calculate the greatest common factor of 12976 and 4303166.
1622
Calculate the greatest common factor of 503113 and 78923.
169
What is the highest common factor of 2453 and 1177583?
11
Calculate the greatest common factor of 766 and 248118124.
766
Calculate the highest common factor of 117038680 and 6924.
2308
Calculate the greatest common factor of 69443 and 34090200.
6313
What is the highest common factor of 421979441 and 19539?
2171
Calculate the highest common factor of 15592517 and 29.
29
Calculate the highest common factor of 142656 and 1326.
6
Calculate the greatest common factor of 845838 and 1476.
18
What is the greatest common factor of 3514867 and 684?
19
Calculate the highest common factor of 95 and 108281285.
95
Calculate the greatest common factor of 16896469 and 533.
41
What is the greatest common factor of 25300 and 126775?
275
What is the highest common divisor of 193599 and 48069?
441
Calculate the greatest common divisor of 19581074 and 28858.
614
What is the highest common factor of 102320 and 202640?
80
What is the highest common divisor of 2372 and 47227706?
1186
What is the greatest common divisor of 539 and 858286891?
539
What is the highest common factor of 3997 and 224403?
571
What is the greatest common factor of 238 and 554608034?
34
Calculate the highest common factor of 142718672 and 3264.
272
What is the greatest common factor of 4722 and 420876582?
4722
Calculate the highest common divisor of 15274 and 107926.
14
Calculate the greatest common factor of 102926 and 47804272.
1942
Calculate the greatest common divisor of 36972800 and 47524.
436
Calculate the highest common divisor of 758 and 330372.
2
What is the highest common divisor of 3948934 and 66?
22
What is the greatest common divisor of 799571697 and 88152?
11019
Calculate the greatest common factor of 10286 and 42218887.
5143
What is the greatest common factor of 162831406 and 17578?
1598
What is the greatest common divisor of 224 and 3061072?
112
Calculate the greatest common divisor of 31265 and 845000.
845
What is the highest common factor of 17723029 and 12464?
779
What is the highest common divisor of 112828 and 668548?
1684
What is the greatest common divisor of 329115410 and 2210?
2210
What is the greatest common divisor of 11308 and 282443?
257
What is the highest common divisor of 163183 and 1406529?
493
Calculate the greatest common factor of 2275316 and 16.
4
Calculate the greatest common factor of 53205840 and 1350.
90
Calculate the greatest common divisor of 4207 and 21276001.
601
Calculate the greatest common factor of 3510 and 116240280.
390
What is the greatest common factor of 21333 and 41835?
3
What is the highest common divisor of 94242 and 54918?
678
What is the highest common divisor of 11381680 and 304?
16
What is the greatest common factor of 3720 and 84418800?
120
Calculate the highest common factor of 175680 and 32976.
144
Calculate the highest common divisor of 17565248 and 48.
16
What is the greatest common divisor of 36 and 337476?
12
What is the highest common divisor of 5207 and 65278?
127
Calculate the greatest common factor of 1824884343 and 54.
27
What is the greatest common factor of 550193 and 2491?
53
Calculate the highest common divisor of 1939 and 2502141.
277
Calculate the highest common divisor of 159922280 and 364.
28
Calculate the highest common factor of 144 and 10733031.
9
What is the highest common factor of 70 and 56434370?
10
What is the greatest common divisor of 6740 and 28909208?
1348
Calculate the greatest common factor of 6813328 and 23902.
1258
Calculate the greatest common divisor of 206701 and 7478001.
817
What is the greatest common factor of 149 and 69246409?
149
Calculate the highest common factor of 6343663 and 37715.
7543
What is the highest common divisor of 172404650 and 1375?
275
Calculate the highest common divisor of 2786758 and 1222.
26
Calculate the greatest common factor of 658176 and 622182.
5142
Calculate the highest common factor of 310 and 663398.
2
Calculate the highest common divisor of 8525623 and 14326.
551
What is the greatest common factor of 1408395 and 1455?
15
What is the greatest common divisor of 166075 and 654745?
455
Calculate the greatest common factor of 1054 and 26698378.
62
What is the greatest common divisor of 22 and 56100946?
22
What is the greatest common divisor of 15804215 and 490?
245
What is the greatest common factor of 5097741 and 10203?
537
Calculate the greatest common factor of 359044 and 97468.
28
Calculate the greatest common factor of 144977 and 288911.
1043
What is the greatest common divisor of 311279375 and 1100?
275
What is the highest common factor of 16472169 and 18?
9
Calculate the highest common factor of 2873992 and 363.
121
What is the greatest common divisor of 14896952 and 11368?
1624
What is the highest common divisor of 283639553 and 93?
31
Calculate the highest common divisor of 6204 and 7166412.
132
Calculate the highest common divisor of 453366 and 119709.
2547
What is the greatest common divisor of 50208 and 881778?
3138
Calculate the greatest common divisor of 8112 and 3103347.
507
Calculate the highest common factor of 19122915 and 45.
15
What is the greatest common divisor of 3033136 and 200570?
1294
What is the greatest common factor of 42920 and 13926467?
1073
What is the greatest common divisor of 4665 and 18029292?
933
What is the greatest common factor of 77 and 29866991?
77
What is the greatest common factor of 48510759 and 33?
33
What is the greatest common divisor of 36595 and 121420?
65
Calculate the greatest common divisor of 7288 and 35432.
8
Calculate the greatest common factor of 112350 and 6090000.
1050
What is the highest common divisor of 35863036 and 226?
226
What is the greatest common factor of 144861 and 13864128?
1329
What is the greatest common factor of 3141 and 467073?
9
Calculate the highest common factor of 325 and 95732425.
25
What is the highest common factor of 85688420 and 20?
20
Calculate the greatest common factor of 1641 and 43251.
3
Calculate the greatest common factor of 32669937 and 34.
17
Calculate the greatest common divisor of 371 and 2040262.
7
Calculate the greatest common divisor of 3815 and 72625.
35
What is the greatest common divisor of 11072 and 16496?
16
What is the greatest common factor of 805 and 585557?
161
What is the greatest common factor of 250 and 338875?
125
Calculate the highest common divisor of 36740417 and 1316.
329
Calculate the highest common factor of 37300742 and 1731.
577
What is the highest common factor of 109997 and 3440251?
3793
Calculate the highest common factor of 13 and 16286114.
13
Calculate the greatest common divisor of 21793616 and 15080.
3016
What is the highest common divisor of 1800104 and 177620?
332
Calculate the greatest common factor of 181116078 and 10092.
5046
Calculate the greatest common factor of 584 and 71768344.
584
Calculate the greatest common divisor of 3893321 and 403.
31
What is the highest common factor of 21175 and 1073270?
60